at is 11790 - -1?
11791
In base 15, what is a0 + 3067?
3117
In base 6, what is -5031 - -22202?
13131
In base 9, what is -4 + 48653?
48648
In base 13, what is -82 - 3b?
-c0
In base 11, what is -7a82 + -4?
-7a86
In base 10, what is 5 - -692833?
692838
In base 6, what is -1 + 141424?
141423
In base 10, what is 59 - -24349?
24408
In base 2, what is -100101100011 + -100101?
-100110001000
In base 11, what is 21103 + 4?
21107
In base 6, what is -2 - -334115?
334113
In base 5, what is 1010 + 12?
1022
In base 16, what is -2c8 - -70?
-258
In base 12, what is 12112 + -4?
1210a
In base 7, what is -2 - 434321?
-434323
In base 7, what is 635 + -5513?
-4545
In base 2, what is 10010001100010111 - 1000?
10010001100001111
In base 12, what is 27 + 38060?
38087
In base 2, what is 110000111001 + 10?
110000111011
In base 6, what is 422 + 312?
1134
In base 3, what is -10101201 - 11?
-10101212
In base 9, what is -6764 + -3?
-6767
In base 7, what is 46263 + 0?
46263
In base 13, what is -5936 + 11?
-5925
In base 16, what is -5744 + 48?
-56fc
In base 7, what is 225 - -13151?
13406
In base 16, what is -11 + -e92?
-ea3
In base 6, what is 14 + -34504?
-34450
In base 6, what is -122402 - 102?
-122504
In base 9, what is 28 + -18814?
-18775
In base 15, what is 4b18 - eb?
4a1c
In base 4, what is 10 - -10301000101?
10301000111
In base 9, what is 13 + -66348?
-66335
In base 8, what is -1324 + 2?
-1322
In base 2, what is 1101011101110111 + -11010?
1101011101011101
In base 9, what is -642 - -183?
-448
In base 2, what is -11110001100 - 1100000011?
-101010001111
In base 13, what is 6 - 6a33?
-6a2a
In base 8, what is 1 - 7755102?
-7755101
In base 8, what is -3020750 - -5?
-3020743
In base 2, what is 10110011010 - -101?
10110011111
In base 16, what is -e291 + -2?
-e293
In base 9, what is 26561 - -1?
26562
In base 5, what is 11404 + -204002?
-142043
In base 5, what is 110123 - -333?
111011
In base 3, what is 101100 + -202?
100121
In base 14, what is 25 + 2db9?
3000
In base 3, what is 1012 - 102101002?
-102022220
In base 3, what is 10222020021 - 10?
10222020011
In base 13, what is -8040 + 1?
-803c
In base 9, what is -2 - 42325?
-42327
In base 4, what is 0 - -13223002?
13223002
In base 2, what is 111001 - -10010011111001?
10010100110010
In base 6, what is 5 + 233423?
233432
In base 6, what is -1 + -21532111?
-21532112
In base 10, what is -3778 + -4?
-3782
In base 2, what is 10 - -101111011111111011111?
101111011111111100001
In base 14, what is 792 + 6?
798
In base 8, what is 31360 - 0?
31360
In base 6, what is 4 + 1113224?
1113232
In base 12, what is 124 - -8b6?
a1a
In base 5, what is -100 + 401320?
401220
In base 10, what is -2959042 + 4?
-2959038
In base 6, what is 5 - 4444253?
-4444244
In base 9, what is -7614 + 420?
-7184
In base 9, what is -83824 + -2?
-83826
In base 6, what is 125 + -534135?
-534010
In base 16, what is -1b09 - -12?
-1af7
In base 3, what is -1 - 20220201?
-20220202
In base 9, what is 871 + 1187?
2168
In base 15, what is 2 + 35be7?
35be9
In base 14, what is 1 + -cca4?
-cca3
In base 9, what is -272863 - 14?
-272877
In base 9, what is 2 + -1123220?
-1123217
In base 8, what is -1 + -75567?
-75570
In base 13, what is 2a + 16c7?
1724
In base 7, what is 3 + 201524?
201530
In base 4, what is -21200 - -310?
-20230
In base 4, what is 101 + -13203233?
-13203132
In base 4, what is -1333 - 211321?
-213320
In base 2, what is 11111110000101000110011 + 100?
11111110000101000110111
In base 9, what is 272188 + -1?
272187
In base 2, what is -111101110 + 10010111?
-101010111
In base 14, what is -5294b - 2?
-5294d
In base 4, what is 11033 - -33201?
110300
In base 8, what is 10 + -51274?
-51264
In base 6, what is -431441 + -142?
-432023
In base 11, what is -107a - -2?
-1078
In base 13, what is 1b76 + -161?
1a15
In base 4, what is 3030 - -1011?
10101
In base 9, what is -4 - 13725?
-13730
In base 16, what is 2b - -21c?
247
In base 2, what is -10101110011 + 1001010?
-10100101001
In base 7, what is 1205 + 236?
1444
In base 9, what is -1 - -1743178?
1743177
In base 7, what is 105114 + -33?
105051
In base 3, what is 22121020 - 0?
22121020
In base 15, what is 48 + -3e34?
-3ddb
In base 15, what is 9ade + 3?
9ae2
In base 2, what is -101010001100101011011 - -11?
-101010001100101011000
In base 9, what is -48 + -6086?
-6145
In base 10, what is -995946 - 2?
-995948
In base 13, what is 1162b - a?
11621
In base 10, what is -30502 - -3?
-30499
In base 2, what is 1010011111101110000110 + 0?
1010011111101110000110
In base 9, what is -61782 - 8?
-61801
In base 11, what is -6541a4 - -3?
-6541a1
In base 5, what is -143321 + -24?
-143400
In base 15, what is -8 + 713a?
7132
In base 10, what is -3822 - 4?
-3826
In base 9, what is -10638 - -13?
-10625
In base 10, what is -7367 - -21?
-7346
In base 3, what is -2 + 212010121?
212010112
In base 14, what is 17a + -d1?
89
In base 16, what is 170 + 60?
1d0
In base 2, what is 10 + 1001001011011010?
1001001011011100
In base 13, what is -2 + -5c827?
-5c829
In base 16, what is 88fa - 0?
88fa
In base 4, what is -121311210 + -3?
-121311213
In base 3, what is 1121022 + -22120220?
-20222121
In base 9, what is 5 + -2683772?
-2683766
In base 3, what is 111121 - 20?
111101
In base 2, what is 11110000 + -10011010000?
-1111100000
In base 16, what is -4 + 139de9?
139de5
In base 10, what is 86043 - -17?
86060
In base 12, what is 87 - 93?
-8
In base 13, what is -2c8 + 63?
-265
In base 10, what is 503 + 534?
1037
In base 3, what is -12011101 - -12?
-12011012
In base 12, what is -3a + 343?
305
In base 8, what is -217 + 17?
-200
In base 15, what is 76e1 + 4?
76e5
In base 2, what is 10101011101100 + -101?
10101011100111
In base 6, what is -43 + 22323?
22240
In base 15, what is 58bd + b?
58c9
In base 2, what is 1110 + -11101101010?
-11101011100
In base 4, what is -13332223 + 20?
-13332203
In base 9, what is -70571 - -2?
-70568
In base 5, what is 13 + 12204?
12222
In base 5, what is 211 - -23343?
24104
In base 14, what is d77a6d - -5?
d77a74
In base 7, what is -651 + -501?
-1452
In base 9, what is 2307 - 76?
2221
In base 13, what is -4 + -22894?
-22898
In base 4, what is 21323 - 2131?
13132
In base 9, what is 20313025 + -4?
20313021
In base 12, what is -1 + -11a45?
-11a46
In base 5, what is -12 - 2110314?
-2110331
In base 12, what is -2 - -33424?
33422
In base 2, what is -100110 + 111010011010000?
111010010101010
In base 7, what is 2 - 64340?
-64335
In base 16, what is -5 - -877?
872
In base 12, what is -11a6793 + -1?
-11a6794
In base 2, what is -100111101000 - 10?
-100111101010
In base 11, what is 373 - 284?
9a
In base 13, what is 477 - -2b?
4a5
In base 14, what is -234d - 30?
-237d
In base 7, what is 3 - -131503?
131506
In base 13, what is -85659 - -3?
-85656
In base 10, what is 4789 - -230?
5019
In base 5, what is 2 - 24012223?
-24012221
In base 14, what is 7cba6 + 1?
7cba7
In base 3, what is -2 + -210011200102?
-210011200111
In base 3, what is -100101012220 + 12?
-100101012201
In base 13, what is -2343 + -7?
-234a
In base 6, what is -212212 + 13?
-212155
In base 3, what is 1201011212 - -12?
1201012001
In base 16, what is dc - 103?
-27
In base 5, what is 1401100 - 304?
1400241
In base 2, what is 100111110010100110110 - 0?
100111110010100110110
In base 12, what is 30 + 1597b?
159ab
In base 11, what is -108263 - 2?
-108265
In base 10, what is -4919 + -54?
-4973
In base 9, what is 18556 - 4?
18552
In base 11, what is 5 + 71627?
71631
In base 14, what is -7c6 + -5?
-7cb
In base 13, what is 10 - 1489?
-1479
In base 11, what is 168a - -150?
182a
In base 14, what is -6d7 - -31?
-6a6
In base 7, what is 152 + 113613?
114065
In base 15, what is -2 + -20d69?
-20d6b
In base 2, what is 11010111111111 + 1100?
11011000001011
In base 6, what is 23 - 3324143?
-3324120
In base 7, what is -1133021 + 4?
-1133014
In base 2, what is -110100101111011 - -11?
-110100101111000
In base 12, what is b17a + -5?
b175
In base 14, what is 28 - 369?
-341
In base 2, what is -1110011111000 + 100111011?
-1101110111101
In base 13, what is -6a5 + 533?
-172
In base 8, what is 40502 + -2?
40500
In base 14, what is 2 - 96147?
-96145
In base 6, what is 21302124 + 2?
21302130
In base 9, what is 181472 - 5?
181466
In base 13, what is -710 + 849?
139
In base 15, what is -d + -5b?
-69
In base 5, what is -103103100 - -10?
-10310